{"id":1077,"date":"2021-11-11T14:52:12","date_gmt":"2021-11-11T14:52:12","guid":{"rendered":"https:\/\/www.orthotunisia.com\/?page_id=1077"},"modified":"2022-01-24T13:41:35","modified_gmt":"2022-01-24T13:41:35","slug":"actualite","status":"publish","type":"page","link":"https:\/\/www.orthotunisia.com\/fr1\/actualite\/","title":{"rendered":"<p>Actualit&eacute;<\/p>"},"content":{"rendered":"<div data-elementor-type=\"wp-page\" data-elementor-id=\"1077\" class=\"elementor elementor-1077\" data-elementor-settings=\"[]\">\n\t\t\t\t\t\t<div class=\"elementor-inner\">\n\t\t\t\t\t\t\t<div class=\"elementor-section-wrap\">\n\t\t\t\t\t\t\t<section class=\"elementor-section elementor-top-section elementor-element elementor-element-6253985 elementor-section-boxed elementor-section-height-default elementor-section-height-default\" data-id=\"6253985\" data-element_type=\"section\" data-settings='{\"background_background\":\"classic\"}'>\n\t\t\t\t\t\t<div class=\"elementor-container elementor-column-gap-thegem\">\n\t\t\t\t\t\t\t<div class=\"elementor-row\">\n\t\t\t\t\t<div class=\"elementor-column elementor-col-100 elementor-top-column elementor-element elementor-element-1c92239\" data-id=\"1c92239\" data-element_type=\"column\" data-settings='{\"background_background\":\"classic\"}'>\n\t\t\t<div class=\"elementor-column-wrap elementor-element-populated\">\n\t\t\t\t\t\t\t<div class=\"elementor-widget-wrap\">\n\t\t\t\t\t\t<section class=\"elementor-section elementor-inner-section elementor-element elementor-element-fac3f70 elementor-section-boxed elementor-section-height-default elementor-section-height-default\" data-id=\"fac3f70\" data-element_type=\"section\">\n\t\t\t\t\t\t<div class=\"elementor-container elementor-column-gap-thegem\">\n\t\t\t\t\t\t\t<div class=\"elementor-row\">\n\t\t\t\t\t<div class=\"elementor-column elementor-col-100 elementor-inner-column elementor-element elementor-element-c5459e4\" data-id=\"c5459e4\" data-element_type=\"column\">\n\t\t\t<div class=\"elementor-column-wrap elementor-element-populated\">\n\t\t\t\t\t\t\t<div class=\"elementor-widget-wrap\">\n\t\t\t\t\t\t<div class=\"elementor-element elementor-element-3bb0200 elementor-invisible elementor-widget elementor-widget-heading\" data-id=\"3bb0200\" data-element_type=\"widget\" data-settings='{\"_animation\":\"zoomIn\"}' data-widget_type=\"heading.default\">\n\t\t\t\t<div class=\"elementor-widget-container\">\n\t\t\t<h2 class=\"elementor-heading-title elementor-size-default\">Actualit&eacute;<\/h2>\t\t<\/div>\n\t\t\t\t<\/div>\n\t\t\t\t<div class=\"elementor-element elementor-element-c10441 elementor-widget elementor-widget-heading\" data-id=\"c10441\" data-element_type=\"widget\" data-widget_type=\"heading.default\">\n\t\t\t\t<div class=\"elementor-widget-container\">\n\t\t\t<div class=\"title-h5 light elementor-heading-title elementor-size-default\">DERNI&Egrave;RES NOUVELLES ACTUALIT&Eacute;S<\/div>\t\t<\/div>\n\t\t\t\t<\/div>\n\t\t\t\t\t\t<\/div>\n\t\t\t\t\t<\/div>\n\t\t<\/div>\n\t\t\t\t\t\t\t\t<\/div>\n\t\t\t\t\t<\/div>\n\t\t<\/section>\n\t\t\t\t\t\t<\/div>\n\t\t\t\t\t<\/div>\n\t\t<\/div>\n\t\t\t\t\t\t\t\t<\/div>\n\t\t\t\t\t<\/div>\n\t\t<\/section>\n\t\t\t\t<section class=\"elementor-section elementor-top-section elementor-element elementor-element-b0a260d elementor-section-boxed elementor-section-height-default elementor-section-height-default\" data-id=\"b0a260d\" data-element_type=\"section\" data-settings='{\"background_background\":\"classic\"}'>\n\t\t\t\t\t\t<div class=\"elementor-container elementor-column-gap-thegem\">\n\t\t\t\t\t\t\t<div class=\"elementor-row\">\n\t\t\t\t\t<div class=\"elementor-column elementor-col-100 elementor-top-column elementor-element elementor-element-9a33e69\" data-id=\"9a33e69\" data-element_type=\"column\">\n\t\t\t<div class=\"elementor-column-wrap elementor-element-populated\">\n\t\t\t\t\t\t\t<div class=\"elementor-widget-wrap\">\n\t\t\t\t\t\t<div class=\"elementor-element elementor-element-46ab457 elementor-widget elementor-widget-thegem-blog-grid\" data-id=\"46ab457\" data-element_type=\"widget\" data-settings='{\"select_blog_cat\":[\"actualite\"],\"items_per_page\":4,\"thegem_elementor_preset\":\"style-1\",\"image_icon_show\":\"yes\"}' data-widget_type=\"thegem-blog-grid.default\">\n\t\t\t\t<div class=\"elementor-widget-container\">\n\t\t\t\t\t\t<div class=\"preloader\"><div class=\"preloader-spin\"><\/div><\/div>\n\t\t\t<div class=\"blog-grid blog clearfix  justified-style-1  blog-style-justified  blog-style-4x  item-animation-move-up   inline-row   blog-style-justified-4x\" data-page=\"1\" data-paged=\"1\" data-next-page=\"0\" data-load-more-action=\"thegem_bloggrid_load_more\">\n\t\t\t\n<article id=\"post-284\" class=\"col-lg-3 col-md-3 col-sm-6 col-xs-6 inline-column item-animations-not-inited post-284 post type-post status-publish format-standard has-post-thumbnail category-actualite\">\n\n\t\t\t<div class=\"post-content-wrapper\">\n\t\t\n\t\t\t\t\t\t\n\t\t\t\t\t\t\t<div class=\"post-image\"><div class=\"post-featured-content\"><a href=\"https:\/\/www.orthotunisia.com\/fr1\/simple-blog-post-title-9\/\">\t\t<picture>\n\t\t\t\t\t\t\t\t\t\t\t<source srcset=\"https:\/\/www.orthotunisia.com\/wp-content\/uploads\/2018\/12\/WhatsApp-Image-2021-11-30-at-13.48.49-1-thegem-blog-justified.jpeg 1x, https:\/\/www.orthotunisia.com\/wp-content\/uploads\/2018\/12\/WhatsApp-Image-2021-11-30-at-13.48.49-1-thegem-blog-justified.jpeg 2x\" media=\"(max-width: 600px)\" sizes=\"100vw\">\n\t\t\t\t\t\t\t\t<source srcset=\"https:\/\/www.orthotunisia.com\/wp-content\/uploads\/2018\/12\/WhatsApp-Image-2021-11-30-at-13.48.49-1-thegem-blog-justified-4x.jpeg 1x, https:\/\/www.orthotunisia.com\/wp-content\/uploads\/2018\/12\/WhatsApp-Image-2021-11-30-at-13.48.49-1-thegem-blog-justified.jpeg 2x\" media=\"(max-width: 992px)\" sizes=\"100vw\">\n\t\t\t\t\t\t\t\t<source srcset=\"https:\/\/www.orthotunisia.com\/wp-content\/uploads\/2018\/12\/WhatsApp-Image-2021-11-30-at-13.48.49-1-thegem-blog-justified-3x-small.jpeg 1x, https:\/\/www.orthotunisia.com\/wp-content\/uploads\/2018\/12\/WhatsApp-Image-2021-11-30-at-13.48.49-1-thegem-blog-justified.jpeg 2x\" media=\"(max-width: 1125px)\" sizes=\"100vw\">\n\t\t\t\t\t\t\t\t<source srcset=\"https:\/\/www.orthotunisia.com\/wp-content\/uploads\/2018\/12\/WhatsApp-Image-2021-11-30-at-13.48.49-1-thegem-blog-justified-4x.jpeg 1x, https:\/\/www.orthotunisia.com\/wp-content\/uploads\/2018\/12\/WhatsApp-Image-2021-11-30-at-13.48.49-1-thegem-blog-justified.jpeg 2x\" media=\"(max-width: 1920px)\" sizes=\"100vw\">\n\t\t\t\t\t\t\t<img decoding=\"async\" src=\"https:\/\/www.orthotunisia.com\/wp-content\/uploads\/2018\/12\/WhatsApp-Image-2021-11-30-at-13.48.49-1-thegem-blog-justified.jpeg\" width=\"640\" height=\"480\" class=\"img-responsive\" alt=\"actualite 5\">\n\t\t<\/source><\/source><\/source><\/source><\/picture>\n\t\t<\/a><\/div><\/div>\n\t\t\t\n\t\t\t<div class=\"caption-container\">\n\t\t\t\t<div class=\"description\">\n\t\t\t\t\t<div class=\"post-meta-conteiner\">\n\n\t\t\t\t\t\t\t<span class=\"post-meta-author\">\n\t\t\t\t\t\t\t\t\t\t\t\t\t\t\t<\/span>\n\n\t\t\t\t\t\t<div class=\"post-meta-right\">\n\t\t\t\t\t\t\t\n\t\t\t\t\t\t\t\t\t\t\t\t\t\t\t\t\t\t\t\t<\/div>\n\t\t\t\t\t<\/div>\n\n\t\t\t\t\t<div class=\"post-title\">\n\t\t\t\t\t\t\t\t\t\t\t\t\t<div class=\"entry-title title-h4\"><a href=\"https:\/\/www.orthotunisia.com\/fr1\/simple-blog-post-title-9\/\" rel=\"bookmark\"><span class=\"entry-title-date\"><\/span><span class=\"light\">Participation &agrave; &lsquo;MEDICA 2022 TRADE FAIR&rsquo;<\/span><\/a><\/div>\t\t\t\t\t\t\t\t\t\t\t<\/div>\n\n\t\t\t\t\t\t\t\t\t\t\t<div class=\"post-text\">\n\t\t\t\t\t\t\t<div class=\"summary\">\n\t\t\t\t\t\t\t\t\t\t\t\t\t\t\t\t\t<p>L'\u00e9quipe OrthoTunisia s'est d\u00e9plac\u00e9e en Allemagne pour participer \u00e0 la foire MEDICA 2022,\u2026<\/p>\n\t\t\t\t\t\t\t\t\t\t\t\t\t\t\t<\/div>\n\t\t\t\t\t\t<\/div>\n\t\t\t\t\t\n\t\t\t\t\t<div class=\"info clearfix\">\n\t\t\t\t\t\t\t<div class=\"post-footer-sharing\">\n\t\t\t\t\t\t\t\t\t\t\t\t\t\t\t<\/div>\n\t\t\t\t\t\t\t<div class=\"post-read-more\">\n\t\t\t\t\t\t\t\t\t<div class=\"gem-button-container gem-widget-button gem-button-position-inline\">\n\t\t<a class=\"gem-button gem-button-size-tiny gem-button-icon-position-right gem-button-style-outline\" href=\"https:\/\/www.orthotunisia.com\/fr1\/simple-blog-post-title-9\/\">\n\t\t\t<span class=\"gem-inner-wrapper-btn\">\n\t\t\t\t\t\t\t\t\t<span class=\"gem-button-icon\">\n\t\t\t\t\t\t<i aria-hidden=\"true\" class=\"gem-elegant arrow-triangle-right\"><\/i>\t\t\t\t\t<\/span>\n\t\t\t\t\t\t\t\t<span class=\"gem-text-button\">\n\t\t\t\t\tLire la suite\t\t\t\t<\/span>\n\t\t\t<\/span>\n\t\t<\/a>\n\t<\/div>\n\t\t\t\t\t\t\t<\/div>\n\t\t\t\t\t<\/div>\n\t\t\t\t<\/div>\n\t\t\t<\/div>\n\n\t\t<\/div>\n\n<\/article>\n\n<article id=\"post-285\" class=\"col-lg-3 col-md-3 col-sm-6 col-xs-6 inline-column item-animations-not-inited post-285 post type-post status-publish format-standard has-post-thumbnail category-actualite\">\n\n\t\t\t<div class=\"post-content-wrapper\">\n\t\t\n\t\t\t\t\t\t\n\t\t\t\t\t\t\t<div class=\"post-image\"><div class=\"post-featured-content\"><a href=\"https:\/\/www.orthotunisia.com\/fr1\/simple-blog-post-title-8\/\">\t\t<picture>\n\t\t\t\t\t\t\t\t\t\t\t<source srcset=\"https:\/\/www.orthotunisia.com\/wp-content\/uploads\/2018\/12\/act3-scaled-thegem-blog-justified.jpg 1x, https:\/\/www.orthotunisia.com\/wp-content\/uploads\/2018\/12\/act3-scaled-thegem-blog-justified.jpg 2x\" media=\"(max-width: 600px)\" sizes=\"100vw\">\n\t\t\t\t\t\t\t\t<source srcset=\"https:\/\/www.orthotunisia.com\/wp-content\/uploads\/2018\/12\/act3-scaled-thegem-blog-justified-4x.jpg 1x, https:\/\/www.orthotunisia.com\/wp-content\/uploads\/2018\/12\/act3-scaled-thegem-blog-justified.jpg 2x\" media=\"(max-width: 992px)\" sizes=\"100vw\">\n\t\t\t\t\t\t\t\t<source srcset=\"https:\/\/www.orthotunisia.com\/wp-content\/uploads\/2018\/12\/act3-scaled-thegem-blog-justified-3x-small.jpg 1x, https:\/\/www.orthotunisia.com\/wp-content\/uploads\/2018\/12\/act3-scaled-thegem-blog-justified.jpg 2x\" media=\"(max-width: 1125px)\" sizes=\"100vw\">\n\t\t\t\t\t\t\t\t<source srcset=\"https:\/\/www.orthotunisia.com\/wp-content\/uploads\/2018\/12\/act3-scaled-thegem-blog-justified-4x.jpg 1x, https:\/\/www.orthotunisia.com\/wp-content\/uploads\/2018\/12\/act3-scaled-thegem-blog-justified.jpg 2x\" media=\"(max-width: 1920px)\" sizes=\"100vw\">\n\t\t\t\t\t\t\t<img decoding=\"async\" src=\"https:\/\/www.orthotunisia.com\/wp-content\/uploads\/2018\/12\/act3-scaled-thegem-blog-justified.jpg\" width=\"640\" height=\"480\" class=\"img-responsive\" alt=\"actualite 3\">\n\t\t<\/source><\/source><\/source><\/source><\/picture>\n\t\t<\/a><\/div><\/div>\n\t\t\t\n\t\t\t<div class=\"caption-container\">\n\t\t\t\t<div class=\"description\">\n\t\t\t\t\t<div class=\"post-meta-conteiner\">\n\n\t\t\t\t\t\t\t<span class=\"post-meta-author\">\n\t\t\t\t\t\t\t\t\t\t\t\t\t\t\t<\/span>\n\n\t\t\t\t\t\t<div class=\"post-meta-right\">\n\t\t\t\t\t\t\t\n\t\t\t\t\t\t\t\t\t\t\t\t\t\t\t\t\t\t\t\t<\/div>\n\t\t\t\t\t<\/div>\n\n\t\t\t\t\t<div class=\"post-title\">\n\t\t\t\t\t\t\t\t\t\t\t\t\t<div class=\"entry-title title-h4\"><a href=\"https:\/\/www.orthotunisia.com\/fr1\/simple-blog-post-title-8\/\" rel=\"bookmark\"><span class=\"entry-title-date\"><\/span><span class=\"light\">Re-certification iso 13485-2016<\/span><\/a><\/div>\t\t\t\t\t\t\t\t\t\t\t<\/div>\n\n\t\t\t\t\t\t\t\t\t\t\t<div class=\"post-text\">\n\t\t\t\t\t\t\t<div class=\"summary\">\n\t\t\t\t\t\t\t\t\t\t\t\t\t\t\t\t\t<p>Le syst\u00e8me de management de la qualit\u00e9 OrthoTunisia a \u00e9t\u00e9 certifi\u00e9 iso13485-2016 par l'organisme certificateur DQS MED. \u2026<\/p>\n\t\t\t\t\t\t\t\t\t\t\t\t\t\t\t<\/div>\n\t\t\t\t\t\t<\/div>\n\t\t\t\t\t\n\t\t\t\t\t<div class=\"info clearfix\">\n\t\t\t\t\t\t\t<div class=\"post-footer-sharing\">\n\t\t\t\t\t\t\t\t\t\t\t\t\t\t\t<\/div>\n\t\t\t\t\t\t\t<div class=\"post-read-more\">\n\t\t\t\t\t\t\t\t\t<div class=\"gem-button-container gem-widget-button gem-button-position-inline\">\n\t\t<a class=\"gem-button gem-button-size-tiny gem-button-icon-position-right gem-button-style-outline\" href=\"https:\/\/www.orthotunisia.com\/fr1\/simple-blog-post-title-8\/\">\n\t\t\t<span class=\"gem-inner-wrapper-btn\">\n\t\t\t\t\t\t\t\t\t<span class=\"gem-button-icon\">\n\t\t\t\t\t\t<i aria-hidden=\"true\" class=\"gem-elegant arrow-triangle-right\"><\/i>\t\t\t\t\t<\/span>\n\t\t\t\t\t\t\t\t<span class=\"gem-text-button\">\n\t\t\t\t\tLire la suite\t\t\t\t<\/span>\n\t\t\t<\/span>\n\t\t<\/a>\n\t<\/div>\n\t\t\t\t\t\t\t<\/div>\n\t\t\t\t\t<\/div>\n\t\t\t\t<\/div>\n\t\t\t<\/div>\n\n\t\t<\/div>\n\n<\/article>\n\n<article id=\"post-283\" class=\"col-lg-3 col-md-3 col-sm-6 col-xs-6 inline-column item-animations-not-inited post-283 post type-post status-publish format-standard has-post-thumbnail category-actualite\">\n\n\t\t\t<div class=\"post-content-wrapper\">\n\t\t\n\t\t\t\t\t\t\n\t\t\t\t\t\t\t<div class=\"post-image\"><div class=\"post-featured-content\"><a href=\"https:\/\/www.orthotunisia.com\/fr1\/simple-blog-post-title-7\/\">\t\t<picture>\n\t\t\t\t\t\t\t\t\t\t\t<source srcset=\"https:\/\/www.orthotunisia.com\/wp-content\/uploads\/2018\/12\/cancer-sein-thegem-blog-justified.jpeg 1x, https:\/\/www.orthotunisia.com\/wp-content\/uploads\/2018\/12\/cancer-sein-thegem-blog-justified.jpeg 2x\" media=\"(max-width: 600px)\" sizes=\"100vw\">\n\t\t\t\t\t\t\t\t<source srcset=\"https:\/\/www.orthotunisia.com\/wp-content\/uploads\/2018\/12\/cancer-sein-thegem-blog-justified-4x.jpeg 1x, https:\/\/www.orthotunisia.com\/wp-content\/uploads\/2018\/12\/cancer-sein-thegem-blog-justified.jpeg 2x\" media=\"(max-width: 992px)\" sizes=\"100vw\">\n\t\t\t\t\t\t\t\t<source srcset=\"https:\/\/www.orthotunisia.com\/wp-content\/uploads\/2018\/12\/cancer-sein-thegem-blog-justified-3x-small.jpeg 1x, https:\/\/www.orthotunisia.com\/wp-content\/uploads\/2018\/12\/cancer-sein-thegem-blog-justified.jpeg 2x\" media=\"(max-width: 1125px)\" sizes=\"100vw\">\n\t\t\t\t\t\t\t\t<source srcset=\"https:\/\/www.orthotunisia.com\/wp-content\/uploads\/2018\/12\/cancer-sein-thegem-blog-justified-4x.jpeg 1x, https:\/\/www.orthotunisia.com\/wp-content\/uploads\/2018\/12\/cancer-sein-thegem-blog-justified.jpeg 2x\" media=\"(max-width: 1920px)\" sizes=\"100vw\">\n\t\t\t\t\t\t\t<img decoding=\"async\" src=\"https:\/\/www.orthotunisia.com\/wp-content\/uploads\/2018\/12\/cancer-sein-thegem-blog-justified.jpeg\" width=\"640\" height=\"480\" class=\"img-responsive\" alt=\"cancer-sein\">\n\t\t<\/source><\/source><\/source><\/source><\/picture>\n\t\t<\/a><\/div><\/div>\n\t\t\t\n\t\t\t<div class=\"caption-container\">\n\t\t\t\t<div class=\"description\">\n\t\t\t\t\t<div class=\"post-meta-conteiner\">\n\n\t\t\t\t\t\t\t<span class=\"post-meta-author\">\n\t\t\t\t\t\t\t\t\t\t\t\t\t\t\t<\/span>\n\n\t\t\t\t\t\t<div class=\"post-meta-right\">\n\t\t\t\t\t\t\t\n\t\t\t\t\t\t\t\t\t\t\t\t\t\t\t\t\t\t\t\t<\/div>\n\t\t\t\t\t<\/div>\n\n\t\t\t\t\t<div class=\"post-title\">\n\t\t\t\t\t\t\t\t\t\t\t\t\t<div class=\"entry-title title-h4\"><a href=\"https:\/\/www.orthotunisia.com\/fr1\/simple-blog-post-title-7\/\" rel=\"bookmark\"><span class=\"entry-title-date\"><\/span><span class=\"light\">D&eacute;pistage cancer du sein<\/span><\/a><\/div>\t\t\t\t\t\t\t\t\t\t\t<\/div>\n\n\t\t\t\t\t\t\t\t\t\t\t<div class=\"post-text\">\n\t\t\t\t\t\t\t<div class=\"summary\">\n\t\t\t\t\t\t\t\t\t\t\t\t\t\t\t\t\t<p>Le mois d'octobre est reconnu comme le mois de sensibilisation au d\u00e9pistage du cancer de sein en r\u00e9ponse une campagne a \u00e9t\u00e9\u2026<\/p>\n\t\t\t\t\t\t\t\t\t\t\t\t\t\t\t<\/div>\n\t\t\t\t\t\t<\/div>\n\t\t\t\t\t\n\t\t\t\t\t<div class=\"info clearfix\">\n\t\t\t\t\t\t\t<div class=\"post-footer-sharing\">\n\t\t\t\t\t\t\t\t\t\t\t\t\t\t\t<\/div>\n\t\t\t\t\t\t\t<div class=\"post-read-more\">\n\t\t\t\t\t\t\t\t\t<div class=\"gem-button-container gem-widget-button gem-button-position-inline\">\n\t\t<a class=\"gem-button gem-button-size-tiny gem-button-icon-position-right gem-button-style-outline\" href=\"https:\/\/www.orthotunisia.com\/fr1\/simple-blog-post-title-7\/\">\n\t\t\t<span class=\"gem-inner-wrapper-btn\">\n\t\t\t\t\t\t\t\t\t<span class=\"gem-button-icon\">\n\t\t\t\t\t\t<i aria-hidden=\"true\" class=\"gem-elegant arrow-triangle-right\"><\/i>\t\t\t\t\t<\/span>\n\t\t\t\t\t\t\t\t<span class=\"gem-text-button\">\n\t\t\t\t\tLire la suite\t\t\t\t<\/span>\n\t\t\t<\/span>\n\t\t<\/a>\n\t<\/div>\n\t\t\t\t\t\t\t<\/div>\n\t\t\t\t\t<\/div>\n\t\t\t\t<\/div>\n\t\t\t<\/div>\n\n\t\t<\/div>\n\n<\/article>\n\n<article id=\"post-671\" class=\"col-lg-3 col-md-3 col-sm-6 col-xs-6 inline-column item-animations-not-inited post-671 post type-post status-publish format-standard has-post-thumbnail category-actualite\">\n\n\t\t\t<div class=\"post-content-wrapper\">\n\t\t\n\t\t\t\t\t\t\n\t\t\t\t\t\t\t<div class=\"post-image\"><div class=\"post-featured-content\"><a href=\"https:\/\/www.orthotunisia.com\/fr1\/lifestyle-blog-post\/\">\t\t<picture>\n\t\t\t\t\t\t\t\t\t\t\t<source srcset=\"https:\/\/www.orthotunisia.com\/wp-content\/uploads\/atelier-thegem-blog-justified.jpg 1x, https:\/\/www.orthotunisia.com\/wp-content\/uploads\/atelier-thegem-blog-justified.jpg 2x\" media=\"(max-width: 600px)\" sizes=\"100vw\">\n\t\t\t\t\t\t\t\t<source srcset=\"https:\/\/www.orthotunisia.com\/wp-content\/uploads\/atelier-thegem-blog-justified-4x.jpg 1x, https:\/\/www.orthotunisia.com\/wp-content\/uploads\/atelier-thegem-blog-justified.jpg 2x\" media=\"(max-width: 992px)\" sizes=\"100vw\">\n\t\t\t\t\t\t\t\t<source srcset=\"https:\/\/www.orthotunisia.com\/wp-content\/uploads\/atelier-thegem-blog-justified-3x-small.jpg 1x, https:\/\/www.orthotunisia.com\/wp-content\/uploads\/atelier-thegem-blog-justified.jpg 2x\" media=\"(max-width: 1125px)\" sizes=\"100vw\">\n\t\t\t\t\t\t\t\t<source srcset=\"https:\/\/www.orthotunisia.com\/wp-content\/uploads\/atelier-thegem-blog-justified-4x.jpg 1x, https:\/\/www.orthotunisia.com\/wp-content\/uploads\/atelier-thegem-blog-justified.jpg 2x\" media=\"(max-width: 1920px)\" sizes=\"100vw\">\n\t\t\t\t\t\t\t<img decoding=\"async\" src=\"https:\/\/www.orthotunisia.com\/wp-content\/uploads\/atelier-thegem-blog-justified.jpg\" width=\"640\" height=\"480\" class=\"img-responsive\" alt=\"atelier\">\n\t\t<\/source><\/source><\/source><\/source><\/picture>\n\t\t<\/a><\/div><\/div>\n\t\t\t\n\t\t\t<div class=\"caption-container\">\n\t\t\t\t<div class=\"description\">\n\t\t\t\t\t<div class=\"post-meta-conteiner\">\n\n\t\t\t\t\t\t\t<span class=\"post-meta-author\">\n\t\t\t\t\t\t\t\t\t\t\t\t\t\t\t<\/span>\n\n\t\t\t\t\t\t<div class=\"post-meta-right\">\n\t\t\t\t\t\t\t\n\t\t\t\t\t\t\t\t\t\t\t\t\t\t\t\t\t\t\t\t<\/div>\n\t\t\t\t\t<\/div>\n\n\t\t\t\t\t<div class=\"post-title\">\n\t\t\t\t\t\t\t\t\t\t\t\t\t<div class=\"entry-title title-h4\"><a href=\"https:\/\/www.orthotunisia.com\/fr1\/lifestyle-blog-post\/\" rel=\"bookmark\"><span class=\"entry-title-date\"><\/span><span class=\"light\">EXTENSION DE L'ATELIER DE TRICOTAGE DE LA CONTENTION M\u00c9DICALE<\/span><\/a><\/div>\t\t\t\t\t\t\t\t\t\t\t<\/div>\n\n\t\t\t\t\t\t\t\t\t\t\t<div class=\"post-text\">\n\t\t\t\t\t\t\t<div class=\"summary\">\n\t\t\t\t\t\t\t\t\t\t\t\t\t\t\t\t\t<p class=\" translation-block\">Afin de mieux r\u00e9pondre aux besoins des clients en terme de d\u00e9lai et de qualit\u00e9<br>\nOrtho-Tunisia a initi\u00e9 le projet d'extension\u2026<\/p>\n\t\t\t\t\t\t\t\t\t\t\t\t\t\t\t<\/div>\n\t\t\t\t\t\t<\/div>\n\t\t\t\t\t\n\t\t\t\t\t<div class=\"info clearfix\">\n\t\t\t\t\t\t\t<div class=\"post-footer-sharing\">\n\t\t\t\t\t\t\t\t\t\t\t\t\t\t\t<\/div>\n\t\t\t\t\t\t\t<div class=\"post-read-more\">\n\t\t\t\t\t\t\t\t\t<div class=\"gem-button-container gem-widget-button gem-button-position-inline\">\n\t\t<a class=\"gem-button gem-button-size-tiny gem-button-icon-position-right gem-button-style-outline\" href=\"https:\/\/www.orthotunisia.com\/fr1\/lifestyle-blog-post\/\">\n\t\t\t<span class=\"gem-inner-wrapper-btn\">\n\t\t\t\t\t\t\t\t\t<span class=\"gem-button-icon\">\n\t\t\t\t\t\t<i aria-hidden=\"true\" class=\"gem-elegant arrow-triangle-right\"><\/i>\t\t\t\t\t<\/span>\n\t\t\t\t\t\t\t\t<span class=\"gem-text-button\">\n\t\t\t\t\tLire la suite\t\t\t\t<\/span>\n\t\t\t<\/span>\n\t\t<\/a>\n\t<\/div>\n\t\t\t\t\t\t\t<\/div>\n\t\t\t\t\t<\/div>\n\t\t\t\t<\/div>\n\t\t\t<\/div>\n\n\t\t<\/div>\n\n<\/article>\n\t\t\t<\/div>\n\t\t\t\t\t<style>\n\t\t\t\t.elementor-element-46ab457 .blog-grid .post-image a:hover:after{opacity: 1 !important;}\n\t\t\t\t.elementor-element-46ab457 .blog-grid .post-content-wrapper:hover .post-image a:after{opacity: 1 !important;}\n\t\t\t<\/style>\n\t\t\t\t<\/div>\n\t\t\t\t<\/div>\n\t\t\t\t\t\t<\/div>\n\t\t\t\t\t<\/div>\n\t\t<\/div>\n\t\t\t\t\t\t\t\t<\/div>\n\t\t\t\t\t<\/div>\n\t\t<\/section>\n\t\t\t\t\t\t<\/div>\n\t\t\t\t\t\t<\/div>\n\t\t\t\t\t<\/div>","protected":false},"excerpt":{"rendered":"<p>Actualit&eacute; DERNI&Egrave;RES NOUVELLES ACTUALIT&Eacute;S Participation &agrave; ?MEDICA 2022 TRADE FAIR? L?&eacute;quipe OrthoTunisia s?est d&eacute;plac&eacute;e en Allemagne pour participer &agrave; la&hellip;<\/p>","protected":false},"author":1,"featured_media":0,"parent":0,"menu_order":0,"comment_status":"closed","ping_status":"closed","template":"page-fullwidth.php","meta":{"footnotes":""},"_links":{"self":[{"href":"https:\/\/www.orthotunisia.com\/fr1\/wp-json\/wp\/v2\/pages\/1077"}],"collection":[{"href":"https:\/\/www.orthotunisia.com\/fr1\/wp-json\/wp\/v2\/pages"}],"about":[{"href":"https:\/\/www.orthotunisia.com\/fr1\/wp-json\/wp\/v2\/types\/page"}],"author":[{"embeddable":true,"href":"https:\/\/www.orthotunisia.com\/fr1\/wp-json\/wp\/v2\/users\/1"}],"replies":[{"embeddable":true,"href":"https:\/\/www.orthotunisia.com\/fr1\/wp-json\/wp\/v2\/comments?post=1077"}],"version-history":[{"count":120,"href":"https:\/\/www.orthotunisia.com\/fr1\/wp-json\/wp\/v2\/pages\/1077\/revisions"}],"predecessor-version":[{"id":5911,"href":"https:\/\/www.orthotunisia.com\/fr1\/wp-json\/wp\/v2\/pages\/1077\/revisions\/5911"}],"wp:attachment":[{"href":"https:\/\/www.orthotunisia.com\/fr1\/wp-json\/wp\/v2\/media?parent=1077"}],"curies":[{"name":"wp","href":"https:\/\/api.w.org\/{rel}","templated":true}]}}